{"id":1393,"date":"2017-03-18T19:00:33","date_gmt":"2017-03-18T18:00:33","guid":{"rendered":"http:\/\/www5.uva.es\/hermeneus\/?page_id=1393"},"modified":"2024-02-05T12:58:11","modified_gmt":"2024-02-05T11:58:11","slug":"vertere-3","status":"publish","type":"page","link":"https:\/\/www5.uva.es\/hermeneus\/?page_id=1393&lang=en","title":{"rendered":"Vertere"},"content":{"rendered":"<p style=\"text-align: center;\"><img decoding=\"async\" src=\"images\/V1.jpg\" alt=\"\" width=\"268\" height=\"400\" \/><\/p>\n<p><strong><span style=\"color: #993300;\">PUBLISHED VOLUMES:<\/span><\/strong><\/p>\n<ul>\n<li><a href=\"http:\/\/www5.uva.es\/hermeneus\/?page_id=1399&#038;lang=en\">Number 1 &#8211; Year 1999<\/a><br \/>\nRoberto Mayoral<br \/>\n<em>La traducci\u00f3n de la variaci\u00f3n ling\u00fc\u00edstica<\/em><\/li>\n<li><a href=\"http:\/\/www5.uva.es\/hermeneus\/?page_id=1402&#038;lang=en\">Number 2 &#8211; Year 2000<\/a><br \/>\nAntonio Bueno<br \/>\n<em>Publicidad y traducci\u00f3n<\/em><\/li>\n<li><a href=\"http:\/\/www5.uva.es\/hermeneus\/?page_id=1405&#038;lang=en\">Number 3 &#8211; Year 2001<\/a><br \/>\nMariano Garc\u00eda-Landa<br \/>\n<em>Teor\u00eda de la traducci\u00f3n<\/em><\/li>\n<li><a href=\"http:\/\/www5.uva.es\/hermeneus\/?page_id=1408&#038;lang=en\">Number 4 &#8211; Year 2002<\/a><br \/>\nLiborio Hern\u00e1ndez Guerra and Beatriz Ant\u00f3n Mart\u00ednez<br \/>\n<em>Disertaci\u00f3n sobre las medallas y monedas antiguas<\/em><\/li>\n<li><a href=\"http:\/\/www5.uva.es\/hermeneus\/?page_id=1411&#038;lang=en\">Number 5 &#8211; Year 2003<\/a><br \/>\nMiguel Ib\u00e1\u00f1ez Rodr\u00edguez<br \/>\n<em>Los Versos de la Muerte de H\u00e9linand de Froidmont. La traducci\u00f3n de textos literarios medievales franceses al espa\u00f1ol<\/em><\/li>\n<li><a href=\"http:\/\/www5.uva.es\/hermeneus\/?page_id=1415&#038;lang=en\">Number 6 &#8211; Year 2004<\/a><br \/>\nIngrid C\u00e1ceres W\u00fcrsig<br \/>\n<em>Historia de la traducci\u00f3n en la administraci\u00f3n y en las relaciones internacionales en Espa\u00f1a (s. XVI-XIX)<\/em><\/li>\n<li><a href=\"http:\/\/www5.uva.es\/hermeneus\/?page_id=1420&#038;lang=en\">Number 7 &#8211; Year 2005<\/a><br \/>\nCarlos Castilho Pais<br \/>\n<em>Apuntes de historia de la traducci\u00f3n portuguesa<\/em><\/li>\n<li><a href=\"http:\/\/www5.uva.es\/hermeneus\/?page_id=1423&#038;lang=en\">Number 8 &#8211; Year 2007<\/a><br \/>\nKris Buyse<br \/>\n<em>\u00bfC\u00f3mo traducir cl\u00edticos?: Modelo general y estrategias espec\u00edficas a partir del caso de la traducci\u00f3n espa\u00f1ola de los cl\u00edticos franceses EN e Y<\/em><\/li>\n<li><a href=\"http:\/\/www5.uva.es\/hermeneus\/?page_id=1426&#038;lang=en\">Number 9 &#8211; Year 2008<\/a><br \/>\nRoxana Recio (ed.)<br \/>\n<em>Traducci\u00f3n y Humanismo: Panorama de un desarrollo cultural<\/em><\/li>\n<li><a href=\"http:\/\/www5.uva.es\/hermeneus\/?page_id=1429&#038;lang=en\">Number 10 &#8211; Year 2008<\/a><br \/>\nAntonio Ra\u00fal de Toro Santos<br \/>\nPablo Cancelo L\u00f3pez<br \/>\n<em>Teor\u00eda y pr\u00e1ctica de la traducci\u00f3n en la prensa period\u00edstica espa\u00f1ola (1900 \u2013 1965)<\/em><\/li>\n<li><a href=\"http:\/\/www5.uva.es\/hermeneus\/?page_id=1432&#038;lang=en\">Number 11 &#8211; Year 2009<\/a><br \/>\nJoaqu\u00edn Garc\u00eda-Medall<br \/>\n<em>Vocabularios hispano-asi\u00e1ticos. Traducci\u00f3n y contacto intercultural<\/em><\/li>\n<li><a href=\"http:\/\/www5.uva.es\/hermeneus\/?page_id=1435&#038;lang=en\">Number 12 &#8211; Year 2010<\/a><br \/>\nHeberto H. Fern\u00e1ndez U.<br \/>\n<em>Dictionaries in Spanish and English from 1554 to 1740: Their Structure and Development<\/em><\/li>\n<li><a href=\"http:\/\/www5.uva.es\/hermeneus\/?page_id=1438&#038;lang=en\">Number 13 &#8211; Year 2011<\/a><br \/>\nVicente L\u00f3pez Folgado, \u00c1ngeles Garc\u00eda Calder\u00f3n, Miguel \u00c1. Garc\u00eda Peinado and J. de D. Torralbo Caballero<br \/>\n<em>Poes\u00eda inglesa femenina del siglo XVIII. Estudio y traducci\u00f3n (Antolog\u00eda biling\u00fce)<\/em><\/li>\n<li><a href=\"http:\/\/www5.uva.es\/hermeneus\/?page_id=1441&#038;lang=en\">Number 14 &#8211; Year 2012<\/a><br \/>\nJuan Antonio Albadalejo Mart\u00ednez<br \/>\n<em>La literatura marcada: Problema de traducci\u00f3n y recepci\u00f3n ejemplificados a trav\u00e9s del teatro popular vien\u00e9s<\/em><\/li>\n<li><a href=\"http:\/\/www5.uva.es\/hermeneus\/?page_id=1445&#038;lang=en\">Number 15 &#8211; Year 2013<\/a><br \/>\nJana Kr\u00e1lov\u00e1 and Miguel Jos\u00e9 Cuenca Drouhard<br \/>\n<em>Ji\u0159\u00fd Lev\u00fd: Una concepci\u00f3n (re)descubierta<\/em><\/li>\n<li><a href=\"http:\/\/www5.uva.es\/hermeneus\/?page_id=1448&#038;lang=en\">Number 16 &#8211; Year 2014<\/a><br \/>\nDaniel Gallego-Hern\u00e1ndez (ed.)<br \/>\n<em>Traducci\u00f3n Econ\u00f3mica: Entre profesi\u00f3n, formaci\u00f3n y recursos documentales<\/em><\/li>\n<li><a href=\"http:\/\/www5.uva.es\/hermeneus\/?page_id=1451&#038;lang=en\">Number 17 &#8211; Year 2015<\/a><br \/>\nSebasti\u00e1n Garc\u00eda Barrera<br \/>\n<em>Le traducteur dans son labyrinthe: La traduction de l\u2019Amadis de Gaule par Nicolas Herberay des Essarts (1540)<\/em><\/li>\n<li><a href=\"http:\/\/www5.uva.es\/hermeneus\/?page_id=1868&#038;lang=en\">Number 18 &#8211; Year 2016<\/a><br \/>Daniel L\u00e9v\u00eaque (Coord.)<br \/><em>Figures et pointes stylistiques novatrices en langue allemande, anglaise, espagnole et leur traduction fran\u00e7aise<\/em><\/li>\n<li><a href=\"http:\/\/www5.uva.es\/hermeneus\/?page_id=2117&#038;lang=en\">Number 19 &#8211; Year 2017<\/a><br \/>Julia Pinilla Mart\u00ednez<br \/><em>Ensayo de un diccionario de traductores espa\u00f1oles de obras cient\u00edficas y t\u00e9cnicas (1750-1900): Medicina<\/em><\/li>\n<li><a href=\"http:\/\/www5.uva.es\/hermeneus\/?page_id=2131&#038;lang=en\">Number 20 &#8211; Year 2018<\/a><br \/>Aura E. Navarro<br \/><em>Traducci\u00f3n y prensa temprana. El proceso emancipador en la Gaceta de Caracas (1808-1822)<\/em><\/li>\n<li><a href=\"http:\/\/www5.uva.es\/hermeneus\/?page_id=2198&#038;lang=en\">Number 21 &#8211; Year 2019<\/a><br \/>Ingrid C\u00e1ceres W\u00fcrsig and Mar\u00eda Jes\u00fas Fern\u00e1ndez-Gil<br \/><em>La traducci\u00f3n literaria a finales del siglo XX y principios del XXI: hacia la disoluci\u00f3n de fronteras<\/em><\/li>\n<li><a href=\"http:\/\/www5.uva.es\/hermeneus\/?page_id=2594&#038;lang=en\">Number 22 &#8211; Year 2020<\/a><br \/>Mar\u00eda Jes\u00fas Lorenzo-Modia y Mar\u00eda Donapetry Camacho<br \/><em>George Eliot: La gitanilla espa\u00f1ola: poema dram\u00e1tico<\/em><\/li>\n<li><a href=\"http:\/\/www5.uva.es\/hermeneus\/?page_id=2597&#038;lang=en\">Number 23 &#8211; Year 2021<\/a><br \/>Dianella Gambini<br \/><em>Un fraile de misa y olla por el Camino de Santiago. El viaje a Santiago del p. fr. Crist\u00f3bal Monte Maggio de P\u00e9saro en 1583<\/em><\/li>\n<li><a href=\"http:\/\/www5.uva.es\/hermeneus\/?page_id=2599&#038;lang=en\">Number 24 &#8211; Year 2022<\/a><br \/>Mar\u00eda Laura Spoturno<br \/><em>Subjetividad, discurso y traducci\u00f3n. La construcci\u00f3n del ethos en la escritura y la traducci\u00f3n<\/em><\/li>\n<li><a href=\"http:\/\/www5.uva.es\/hermeneus\/?page_id=2795&#038;lang=en\">Number 25 &#8211; Year 2023<\/a><br \/>Sandra P\u00e9rez-Ramos<br \/><em>Mujeres traductoras, mujeres luchadoras. La trayectoria en la sombra de Mar\u00eda Antonia Guti\u00e9rrez Bueno y Ahoiz (1781-1874)<\/em><\/li>\n<\/ul>\n","protected":false},"excerpt":{"rendered":"<p>PUBLISHED VOLUMES: Number 1 &#8211; Year 1999 Roberto Mayoral La traducci\u00f3n de la variaci\u00f3n ling\u00fc\u00edstica Number 2 &#8211; Year 2000 Antonio Bueno Publicidad y traducci\u00f3n Number 3 &#8211; Year 2001 Mariano Garc\u00eda-Landa Teor\u00eda de la traducci\u00f3n Number 4 &#8211; Year 2002 Liborio Hern\u00e1ndez Guerra and Beatriz Ant\u00f3n Mart\u00ednez Disertaci\u00f3n sobre las medallas y monedas antiguas [&hellip;]<\/p>\n","protected":false},"author":1,"featured_media":0,"parent":0,"menu_order":2,"comment_status":"closed","ping_status":"closed","template":"","meta":{"footnotes":""},"class_list":["post-1393","page","type-page","status-publish","hentry"],"_links":{"self":[{"href":"https:\/\/www5.uva.es\/hermeneus\/index.php?rest_route=\/wp\/v2\/pages\/1393","targetHints":{"allow":["GET"]}}],"collection":[{"href":"https:\/\/www5.uva.es\/hermeneus\/index.php?rest_route=\/wp\/v2\/pages"}],"about":[{"href":"https:\/\/www5.uva.es\/hermeneus\/index.php?rest_route=\/wp\/v2\/types\/page"}],"author":[{"embeddable":true,"href":"https:\/\/www5.uva.es\/hermeneus\/index.php?rest_route=\/wp\/v2\/users\/1"}],"replies":[{"embeddable":true,"href":"https:\/\/www5.uva.es\/hermeneus\/index.php?rest_route=%2Fwp%2Fv2%2Fcomments&post=1393"}],"version-history":[{"count":28,"href":"https:\/\/www5.uva.es\/hermeneus\/index.php?rest_route=\/wp\/v2\/pages\/1393\/revisions"}],"predecessor-version":[{"id":2805,"href":"https:\/\/www5.uva.es\/hermeneus\/index.php?rest_route=\/wp\/v2\/pages\/1393\/revisions\/2805"}],"wp:attachment":[{"href":"https:\/\/www5.uva.es\/hermeneus\/index.php?rest_route=%2Fwp%2Fv2%2Fmedia&parent=1393"}],"curies":[{"name":"wp","href":"https:\/\/api.w.org\/{rel}","templated":true}]}}